) is divided by 6?
3
Let b(f) = 5*f**2 + 41*f - 25. Calculate the remainder when 151 is divided by b(-9).
8
Let h = 422 + -402. Suppose -493 = -5*r + 4*u, -4*r + 214 = -4*u - 182. What is the remainder when r is divided by h?
17
Suppose -5*w = 4*k - 450, -75*k = -73*k + 5*w - 220. What is the remainder when k is divided by 9?
7
Let q(o) = -o**3 + 7*o**2 - 2*o + 1. Let b(v) = -v + 3. Let f be b(5). What is the remainder when (-2)/f + 5 + 43 is divided by q(2)?
15
Suppose 5*r + 2*g - 435 = 0, 5*g = -r + 6*g + 94. What is the remainder when r is divided by 43?
3
Suppose 0 = -3*n - t - 15 + 73, 93 = 5*n - 2*t. Suppose 0 = -5*f - 3*k + 266, -4*f - 5*k - 64 = -269. What is the remainder when f is divided by n?
17
Let v be (-2)/(-3)*27/3. Let g = v + 13. Suppose 11*w + 1103 = 1697. Calculate the remainder when w is divided by g.
16
Let n(c) = -75*c + 234. Calculate the remainder when 57 is divided by n(3).
3
Suppose -18*x - 14*x = -7424. Calculate the remainder when x is divided by 59.
55
Let x = 8 + -15. Let c(d) = d**2 - 3*d + 7. Let h be c(6). Let q = x + h. Calculate the remainder when 33 is divided by q.
15
Suppose 121 = 3*o - 23. What is the remainder when 93 is divided by o?
45
Let x = 161 + -251. Let b(a) = a**3 + 8*a**2 + a. Calculate the remainder when b(-7) is divided by 2/(-4) - x/4.
20
Let a = 82 + -78. What is the remainder when 13 is divided by a?
1
Let x = 17 - 4. Let a be 1*(-5)/(-2)*2. Suppose 98 = -3*m + a*m. What is the remainder when m is divided by x?
10
Let r be (-1 + (-79)/(-3))/(13/39). Suppose -75*u + r*u = 15. Calculate the remainder when 28 is divided by u.
13
Let t = 113 - 44. Calculate the remainder when 140 is divided by t.
2
Suppose -18*a + 14*a = -96. What is the remainder when a is divided by 9?
6
What is the remainder when 55 is divided by (-1)/(1/1) - 30/(-5)?
0
Let g = 1960 + -1787. Let i(v) = -v + 29. What is the remainder when g is divided by i(0)?
28
Let n be (-8)/4*1 + 4. Let x(p) = p**2 + 7*p - 1. Calculate the remainder when x(-10) is divided by n - 0 - (-5 + -9).
13
Let i(w) = -28*w - 26 - 14 + 34*w. Calculate the remainder when i(14) is divided by 23.
21
Let h(q) be the second derivative of -11*q**3/6 + q**2/2 - 2*q. Let z be h(-1). Suppose -z = -c - 1. What is the remainder when c is divided by 3?
2
Suppose -10 = -2*x - 2. Suppose -5*l = -3*l - a - 169, 5*a + 323 = x*l. Suppose -3*q - 2*q = -55. Calculate the remainder when l is divided by q.
10
Suppose 6*m - 352 = -280. Calculate the remainder when 23 is divided by m.
11
Suppose -66 = -5*s - y, -4*y = -s + 5*s - 56. Calculate the remainder when s is divided by 9.
4
Let r = 2020 - 1991. Calculate the remainder when 192 is divided by r.
18
Let m(w) = w**3 - 4*w + 6. Let g be m(2). Suppose 251 + 145 = g*r. What is the remainder when r is divided by 17?
15
Let j = -48 - -37. What is the remainder when 6 is divided by (-2)/j - 210/(-55)?
2
Let a be (-14)/(-35) + (-16)/(-10). Suppose f - k - 1 = -6*k, -13 = -a*f + k. Calculate the remainder when 29 is divided by f.
5
Suppose -3*j - 5*d - 97 = -5*j, -2*j + d + 93 = 0. Calculate the remainder when 135 is divided by j.
43
Let g = 22 - -42. Let k = -2 + g. Calculate the remainder when k is divided by 13.
10
Suppose -184 = 4*y - 0*y. Let x = -6 - y. Let a = 78 - x. Calculate the remainder when a is divided by 14.
10
Let c be 2/6 + 428/3. Let q = c + -85. What is the remainder when q is divided by 15?
13
Suppose 5*j - j = 16. Suppose -2*m - 2*m + 108 = j*z, 2*z + 15 = m. Calculate the remainder when m is divided by 14.
9
Let b(c) = -c**3 - 7*c**2 - 5*c + 8. Let d be b(-6). Suppose -2*t = 0, 0 = 4*w - d*t - 3*t - 444. What is the remainder when w is divided by 23?
19
Suppose -g - 3*g = 5*w - 32, 0 = 2*w - 3*g + 1. What is the remainder when 29 is divided by w - (2 + -5) - -1?
5
Let z(w) = w**2 + w - 4. Let q be z(-4). Let m = 2 - q. What is the remainder when 99 is divided by (-153)/m - 2/4?
24
Let d(f) = -2*f**2 - 10*f - 5. Let h be d(-7). Let r = 38 + h. What is the remainder when 18 is divided by r?
3
Let b be 12/(-15) - (-328)/10. Suppose -8*k + 4*k + b = 0. Suppose 0 = -u - 1, -2*z - 2*u - 2 = -56. Calculate the remainder when z is divided by k.
4
Let p = -136 + 141. What is the remainder when 14 is divided by p?
4
What is the remainder when 5/(60/2766) - (-1)/(-2) is divided by 29?
27
Let t be (0 - 213/(-9))/((-1)/(-6)). Let d = 144 - t. What is the remainder when 9 is divided by d?
1
Let v(k) be the third derivative of 5*k**4/24 - 5*k**3/3 + 5*k**2. What is the remainder when 217 is divided by v(13)?
52
Let a(p) = 3*p**3 - 5*p + 3. Calculate the remainder when 28 is divided by a(2).
11
Suppose 43*o = 30*o + 8970. What is the remainder when o is divided by 9?
6
Let s(f) = -f + 10. Let m be s(7). Let z be ((-25)/m)/(4/(-12)). Suppose 0 = -0*y + y - z. Calculate the remainder when y is divided by 9.
7
Let w = -7 - -7. Suppose -n = -w*n - 483. Suppose -2*m = 5*m - n. What is the remainder when m is divided by 18?
15
Let v = 36 + -33. Suppose -v*t + 60 = -0. What is the remainder when 39 is divided by t?
19
What is the remainder when (-49098)/(-168) - (-2)/(-8) is divided by 49?
47
Let h = -10 + 13. Suppose -42 = -h*l - 5*i, -4*l = -l - 4*i - 42. What is the remainder when 55 is divided by l?
13
Suppose 0*h = 3*h - 12. What is the remainder when 6 is divided by h?
2
Let d be (0/1)/((-25)/25). Suppose d*l + 20 = l. What is the remainder when 37 is divided by l?
17
Calculate the remainder when 1068 is divided by ((-102)/(-18))/(4 + 11/(-3)).
14
Suppose 0 = -5*f + 7*f - 20. Let v = -10 + f. Suppose 0 = -v*k - 2*k + 62. Calculate the remainder when k is divided by 17.
14
Let l(t) = -t**2 + 5*t. Let d be l(5). Let u be 80/(-9) - (18/(-81))/(-2). Calculate the remainder when (3 + d)*(-105)/u is divided by 9.
8
Suppose -62 = -3*y + 2*v - 4, -5*y = 2*v - 70. Let g(z) = 2*z**2 + 11*z + 5. What is the remainder when g(-8) is divided by y?
13
Suppose 16*f - 81 = 63. Let n(u) = u**2 - 5*u - 7. Calculate the remainder when n(-5) is divided by f.
7
Suppose 0 = 4*j - 39 + 7. Suppose 66 = 8*l + 26. Suppose k = l*s - 6, s = 2*k - 23 + j. Calculate the remainder when 15 is divided by k.
6
Let t be 1/(-2) - (-381)/6. Let c = 95 - t. Let s(u) = -u**3 - 7*u**2 + 7*u + 1. What is the remainder when c is divided by s(-8)?
5
Suppose -44 - 64 = 4*n. Let y = 33 + n. Calculate the remainder when 27 is divided by y.
3
Let f(y) = -3*y**3 - 13*y**2 - 17. Calculate the remainder when 48 is divided by f(-5).
15
Let s(u) = -u**3 - 2*u**2 - 5*u + 1. What is the remainder when s(-5) is divided by 702/12 + -6 + (-1)/2?
49
Suppose 3*h + 2*i + 323 + 153 = 0, 2*h + i + 317 = 0. Let w = h - -165. What is the remainder when 47 is divided by w?
5
Let g(a) be the first derivative of -a**4/4 - a**3/3 - 1. Let t be g(-1). Let w(u) = u**2 + u + 7. What is the remainder when 18 is divided by w(t)?
4
Suppose -w + 2*q + 5 = 0, w = 2*w + 3*q. What is the remainder when 69 is divided by w?
0
Let a(q) = q**3 - 19*q**2 + 19*q + 25. Let k be (3 + -6)/((-1)/(-44)). What is the remainder when a(18) is divided by (2/3)/((-8)/k)?
10
Let o(m) = 7*m**2 + m + 2. Let h be 32/48 + 8/6. Calculate the remainder when o(h) is divided by 7.
4
Suppose 19*g + 13 - 108 = 0. Suppose 94 = -2*j + g*j - 5*d, 5*j + d - 194 = 0. What is the remainder when j is divided by 12?
2
Let m(g) = g**3 + 21*g**2 + 25*g + 93. Calculate the remainder when m(-19) is divided by 91.
67
Suppose -140 = -5*q + 3*p, q = 44*p - 46*p + 15. Calculate the remainder when 72 is divided by q.
22
Let m(o) = o**3 + 10*o**2 + 7*o - 7. What is the remainder when 54 is divided by m(-9)?
10
Let x be 4*-1*5/(-4). Let a be (5/(-3) + 2)/((-14)/(-252)). What is the remainder when 15 is divided by (x + -7)/((-3)/a)?
3
Let n(i) = 19*i + 560. Suppose 2*a + 2*d - 6 = 0, 3 - 7 = 2*d. Calculate the remainder when n(-29) is divided by a.
4
Let n be 32 - (-5 + 2 + 7). Let y = 34 - n. Let m(x) = -x - 2. Calculate the remainder when y is divided by m(-7).
1
Suppose 29*z = 22*z + 3619. What is the remainder when z is divided by 40?
37
Let d be 2/4 + 161/(-14). Let m(u) = -3*u - 21. Calculate the remainder when ((-21)/4)/((-1)/4) is divided by m(d).
9
Let s be 2 + (330/(-3))/(-2). Suppose -r = 3*h - 88, -h + r = -3*h + s. Calculate 